{"id":12,"date":"2021-01-05T00:46:17","date_gmt":"2021-01-04T23:46:17","guid":{"rendered":"https:\/\/www.knackdienuss.de\/shop\/?post_type=product&#038;p=12"},"modified":"2021-01-14T03:44:11","modified_gmt":"2021-01-14T02:44:11","slug":"coaching","status":"publish","type":"product","link":"https:\/\/www.knackdienuss.de\/shop\/produkt\/coaching\/","title":{"rendered":"Intensiv-Coaching mit Matthias Klopp (pers\u00f6nlich)"},"content":{"rendered":"<p><em>Gr\u00fcnder- und Unternehmer-Coaching<\/em><\/p>\n<p><em>HINWEIS: Dieses Intensiv-Coaching ist ein Spezialangebot f\u00fcr Solo-Unternehmer in Corona-Zeiten. Wenn Du dar\u00fcber hinaus Interesse an meinem Coaching hast, dann schick mir bitte vorher <a href=\"https:\/\/www.knackdienuss.de\/kontakt\/\">eine Nachricht<\/a>.<\/em><\/p>\n<h3>Warum sollte ich mich coachen lassen?<\/h3>\n<p>Ich habe viele Workshops gegeben, Unternehmer beraten und Anleitungen geschrieben. Das Coaching hat meinen Kunden mit gro\u00dfem Abstand immer die besten Ergebnisse geliefert. Warum? Weil ich Dich als Coach auch w\u00e4hrend der Umsetzung begleite, wo die meisten Probleme auftauchen.<\/p>\n<p>Wenn eine der folgenden Situationen auf Dich zutrifft, ist dieses Coaching richtig f\u00fcr Dich:<\/p>\n<p>Du steckst gerade mal wieder fest?<\/p>\n<p>Du st\u00f6\u00dft immer wieder auf Probleme und suchst die n\u00e4chsten Schritte?<\/p>\n<p>Du h\u00e4ttest gerne einen guten Plan, um Deine Ziele zu erreichen?<\/p>\n<p>Gemeinsam machen wir einen individuellen Plan, wie Du Dein n\u00e4chstes Ziel erreichen kannst. Taucht auf dem Weg ein Problem auf, l\u00f6sen wir es ebenfalls gemeinsam. Mit dem Intensiv-Coaching bin ich auch im allt\u00e4glichen &#8218;Tagesgesch\u00e4ft&#8216; \u00fcber einen l\u00e4ngeren Zeitraum bei Fragen an Deiner Seite.<\/p>\n<h3>Warum sollte ich mich von Matthias Klopp coachen lassen?<\/h3>\n<p>Es gibt Experten, es gibt Unternehmer und es gibt Coaches. Wenn Du Dich von mir coachen l\u00e4sst, bekommst Du alles auf einmal.<\/p>\n<p>Vor \u00fcber 20 Jahren habe ich als Student mit 500 DM meine erste Firma gegr\u00fcndet. Im Studium habe ich auch die ersten Workshops f\u00fcr Gr\u00fcnder veranstaltet und seit 2001 schreibe ich auf <a href=\"https:\/\/www.gruenderland.de\" target=\"_blank\" rel=\"noopener\">Gruenderland.de<\/a> Artikel f\u00fcr Gr\u00fcnder und Unternehmer. Seit \u00fcber 20 Jahren ver\u00f6ffentliche ich Tipps, Anleitungen, Online-Kurse und eBooks zu Gesch\u00e4ftsideen \u00fcber Namensfindung bis zum Marketing. Das meiste davon kostenlos.<\/p>\n<p>Tausende Gr\u00fcnder und Unternehmer haben meine Artikel gelesen und Anleitungen genutzt. Hier sind einige <a href=\"https:\/\/www.gruenderland.de\/leserstimmen.html\" target=\"_blank\" rel=\"noopener\">Leserstimmen<\/a> und <a href=\"https:\/\/www.gruenderland.de\/presse.html\" target=\"_blank\" rel=\"noopener\">Presseartikel<\/a>. Als Coach und mit meiner Ideenagentur Knack die Nuss! habe ich Gr\u00fcndern und Unternehmern geholfen, f\u00fchrende Anbieter in ihren Nischen zu werden oder ihre Firma erfolgreich verkaufen zu k\u00f6nnen.<\/p>\n<h3>Wie l\u00e4uft das Coaching ab? Was bekomme ich konkret?<\/h3>\n<p>Das Coaching ist intensiv und individuell. Das bedeutet, wir reden und schreiben pers\u00f6nlich miteinander.<\/p>\n<p>Dieses Intensiv-Coaching beinhaltet in der Regel 1 Telefonat (30-45 Minuten) und dann E-mails \u00fcber einen Zeitraum von 4 Wochen. Den genauen Ablauf legen wir gemeinsam fest, wenn Du mir Deine Ausgangslage und Dein Problem per E-mail geschildert hast.<\/p>\n<p>Du bekommst also:<\/p>\n<ul>\n<li>kein eBook oder Online-Workshop, sondern mich pers\u00f6nlich<\/li>\n<li>mindestens 1 pers\u00f6nliches Telefonat <em>(es sein denn, Du m\u00f6chtest nur per E-mail kommunizieren)<\/em><\/li>\n<li>mindestens 1 E-mail pro Woche, 4 Wochen lang <em>(falls einmal etwas dazwischen kommt, finden wir schon eine L\u00f6sung)<\/em><\/li>\n<\/ul>\n<h3>Was ist, wenn ich mit dem Coaching nicht zufrieden bin?<\/h3>\n<p>Wenn wir Dein Coaching mit einem Telefonat beginnen und Du danach den Eindruck hast, dass es nicht das richtige f\u00fcr Dich\u00a0 ist, dann gib mir einfach kurz Bescheid und Du bekommst Dein Geld zur\u00fcck. Manchmal passt es einfach nicht. Das passiert sehr selten, kann aber nat\u00fcrlich vorkommen.<\/p>\n<p>Wenn Du wir das Coaching ohne Telefonat mit E-mails beginnen, dann hast Du nach meiner ersten E-mail mit Vorschl\u00e4gen f\u00fcr die n\u00e4chsten Schritte ebenfalls die M\u00f6glichkeit, die Zusammenarbeit zu beenden und ich erstatte Dir Dein Geld zur\u00fcck.<\/p>\n<p>Nach bisheriger Erfahrung bringt Dich dieses Intensiv-Coaching aber einen gro\u00dfen Schritt voran. Und das nicht auf dem Papier oder nur im Kopf, sondern real im echten Leben.<\/p>\n<h3>Wichtiger Hinweis: Meine Coaching-Pl\u00e4tze sind begrenzt.<\/h3>\n<p>Ein Intensiv-Coaching kostet mich als Coach am meisten Zeit und auch am meisten Energie. Dadurch sind die m\u00f6glichen Coaching-Pl\u00e4tze begrenzt. Falls es deshalb zu l\u00e4ngeren Wartezeiten kommt, gebe ich dies hier bekannt. Falls wir keinen passenden Termin finden sollten, erstatte ich Dir Dein Geld selbstverst\u00e4ndlich auch zur\u00fcck. Ansonsten gilt wie so oft im Leben: Wer zuerst kommt, mahlt zuerst.<\/p>\n<p>Und jetzt?<\/p>\n<p>Du hast bis hierher gelesen, weil Du sehr wahrscheinlich gerade noch nicht da bist, wo Du gerne sein m\u00f6chtest.<\/p>\n<p>Bereit neue Wege zu gehen und voranzukommen?<\/p>\n<p>Dann lass uns starten.<\/p>\n<p>&nbsp;<\/p>\n","protected":false},"excerpt":{"rendered":"<p>Schritt f\u00fcr Schritt Deine n\u00e4chsten Ziele erreichen oder aktuelle Probleme l\u00f6sen.<\/p>\n","protected":false},"featured_media":166,"template":"","meta":[],"product_brand":[],"product_cat":[19],"product_tag":[],"class_list":{"0":"post-12","1":"product","2":"type-product","3":"status-publish","4":"has-post-thumbnail","6":"product_cat-gruender-unternehmer","8":"first","9":"instock","10":"virtual","11":"taxable","12":"purchasable","13":"product-type-simple"},"_links":{"self":[{"href":"https:\/\/www.knackdienuss.de\/shop\/wp-json\/wp\/v2\/product\/12","targetHints":{"allow":["GET"]}}],"collection":[{"href":"https:\/\/www.knackdienuss.de\/shop\/wp-json\/wp\/v2\/product"}],"about":[{"href":"https:\/\/www.knackdienuss.de\/shop\/wp-json\/wp\/v2\/types\/product"}],"wp:featuredmedia":[{"embeddable":true,"href":"https:\/\/www.knackdienuss.de\/shop\/wp-json\/wp\/v2\/media\/166"}],"wp:attachment":[{"href":"https:\/\/www.knackdienuss.de\/shop\/wp-json\/wp\/v2\/media?parent=12"}],"wp:term":[{"taxonomy":"product_brand","embeddable":true,"href":"https:\/\/www.knackdienuss.de\/shop\/wp-json\/wp\/v2\/product_brand?post=12"},{"taxonomy":"product_cat","embeddable":true,"href":"https:\/\/www.knackdienuss.de\/shop\/wp-json\/wp\/v2\/product_cat?post=12"},{"taxonomy":"product_tag","embeddable":true,"href":"https:\/\/www.knackdienuss.de\/shop\/wp-json\/wp\/v2\/product_tag?post=12"}],"curies":[{"name":"wp","href":"https:\/\/api.w.org\/{rel}","templated":true}]}}