{"id":218,"date":"2021-01-17T17:05:26","date_gmt":"2021-01-17T16:05:26","guid":{"rendered":"https:\/\/www.knackdienuss.de\/shop\/?post_type=product&#038;p=218"},"modified":"2021-01-20T20:14:37","modified_gmt":"2021-01-20T19:14:37","slug":"der-perfekte-name","status":"publish","type":"product","link":"https:\/\/www.knackdienuss.de\/shop\/produkt\/der-perfekte-name\/","title":{"rendered":"Der perfekte Name &#8217;50&#8216; (Service mit Garantie)"},"content":{"rendered":"<p>Biontec, Lieferando, Bionade, Lila Pause, Fruchtzwerge, Greenpeace, Hotmail und auch Gr\u00fcnderland&#8230; viele <strong>gute Firmennamen und Produktnamen<\/strong> bestehen oft aus zwei Teilen, die verst\u00e4ndlich klar machen, um welche Produkte es geht.<\/p>\n<p>Das <strong>spart viel Erkl\u00e4rungsaufwand<\/strong> und damit <strong>wertvolles Werbegeld<\/strong>.<\/p>\n<p>Fehlt Dir gerade noch der <strong>perfekte Name f\u00fcr Dein Unternehmen<\/strong>, Dein <strong>Produkt<\/strong> oder Deine <strong>Gesch\u00e4ftsidee<\/strong>?<\/p>\n<p>Vielleicht erinnerst Du Dich noch, dass ich letztes Jahr den <strong>kostenlosen Online-NameMaker<\/strong> entwickelt habe?<\/p>\n<p>Die erste Version ist immer noch online:<\/p>\n<p><a href=\"https:\/\/www.gruenderland.de\/tools\/namemaker.php\" target=\"_blank\" rel=\"noopener\">https:\/\/www.gruenderland.de\/tools\/namemaker.php<\/a><\/p>\n<p>Damit und mit meiner &#8218;Meins &amp; Co.&#8216;-Methode kannst Du den perfekten Namen relativ einfach <strong>selbst entwickeln<\/strong>. Auf der Basis von<strong> zwei Hauptbotschaften<\/strong>. Viele Gr\u00fcnder, Unternehmer und Agenturen haben damit <strong>passende Namen<\/strong> gefunden. Das kostet Dich Zeit und Kopfarbeit, aber keinen einzigen Cent.<\/p>\n<p>Du hast keine Zeit oder keine Lust dazu oder h\u00e4ltst Dich nicht f\u00fcr kreativ genug?<\/p>\n<p>Du willst lieber einen D\u00fcsenjet als einen Doppeldecker?<\/p>\n<p>Ich arbeite seit einigen Wochen an einer <strong>neuen Version des NameMakers<\/strong> mit Assoziationsgenerator, \u00dcbersetzungen, zus\u00e4tzlichen automatischen Vorschl\u00e4ge etc.<\/p>\n<p>Und der NameMaker funktioniert. Er funktioniert gut. Wirklich gut.<\/p>\n<p>Noch viel besser als die erste Version.<\/p>\n<p>Es ist nicht so extrem wie der Sprung vom Doppeldecker zum D\u00fcsenjet, aber Du verstehst, was ich meine.<\/p>\n<p>Was tut man, wenn man ein neues Flugzeug baut, bevor man Passagiere damit fliegen l\u00e4sst?<\/p>\n<p>Genau, man macht Testfl\u00fcge. Mit Testpiloten.<\/p>\n<p>Der Testpilot bin ich und jetzt m\u00f6chte ich Testfl\u00fcge machen.<\/p>\n<p>Gibst Du mir ein Flugziel?<\/p>\n<p>Denn das ist mein Angebot f\u00fcr Dich:<\/p>\n<p>Ich entwickel den <strong>perfekten Namen f\u00fcr Deine Gesch\u00e4ftsidee<\/strong>.<\/p>\n<h3>Wieviel das kostet?<\/h3>\n<p>Zuerst wollte ich 10 Namen f\u00fcr 100 EUR anbieten. Das w\u00e4ren 10 EUR pro Vorschlag.<\/p>\n<p>Aber der neue NameMaker ist wirklich gut. Daher habe ich es mir nochmal anders \u00fcberlegt:<\/p>\n<p>Du bekommst <strong>50 Namensvorschl\u00e4ge<\/strong> von mir.<\/p>\n<p>F\u00fcr <strong>50 EUR<\/strong>.<\/p>\n<p>Das bedeutet Du zahlst nur <strong>1 EUR pro Vorschlag<\/strong>.<\/p>\n<p><strong>50 EUR f\u00fcr den perfekten Namen<\/strong> oder Du bekommst Dein Geld zur\u00fcck.<\/p>\n<h3>Was genau bekommst Du von mir?<\/h3>\n<p>Eine Liste mit <strong>50 handverlesenen passenden Namensvorschl\u00e4gen<\/strong>. Das sind nur 1 EUR pro Vorschlag und eine ziemlich gro\u00dfe Chance, dass der perfekte Name f\u00fcr Dich dabei ist.<\/p>\n<p>Wenn nur fast-perfekter dabei ist, sag mir, welcher es ist, was Dir dabei noch fehlt und <strong>ich liefere nach<\/strong>. Wenn kein passender dabei ist, stecken wir die Richtung neu ab und Du bekommst <strong>nochmal 50 neue Vorschl\u00e4ge<\/strong>.<\/p>\n<p>Bist Du dann immer noch nicht zufrieden, bekommst Du einfach Dein Geld zur\u00fcck.<\/p>\n<p>Ein faires Angebot, oder?<\/p>\n<h3>Was musst Du jetzt tun?<\/h3>\n<p>Alles, was Du tun musst, ist &#8218;<strong>Der perfekte Name 50<\/strong>&#8218; zu buchen und anschlie\u00dfend drei kurze Fragen zu Deinem perfekten Namen zu beantworten.<\/p>\n<p>Leg &#8218;<strong>Der perfekte Name 50<\/strong>&#8218; in den Warenkorg und dann zur Kasse.<\/p>\n<p>Nat\u00fcrlich verpflichte ich mich zur <strong>absoluten Verschwiegenheit<\/strong>.<\/p>\n<blockquote><p>&#8222;Bei der Namensfindung f\u00fcr meine eigene Firma hat mir vor allem die praktische Anleitung &#8222;Meins &amp; Co.&#8220; geholfen. Heraus kam ein &#8222;perfect&#8220; passender Name: Perfect Day &#8211; Hochzeitsplanung &amp; Eventplanung.&#8220;<\/p>\n<p style=\"text-align: right;\">Sonja Schmitz<\/p>\n<\/blockquote>\n<p>Bei Sonja hat es alleine gut geklappt, sogar &#8218;perfekt&#8216;, aber immer wieder berichten mir Unternehmensgr\u00fcnder, dass sie monatelang \u00fcber einen passenden Namen f\u00fcr ihre Gesch\u00e4ftsidee br\u00fcten.<\/p>\n<p>Geht es Dir \u00e4hnlich?<\/p>\n<p>Wieviel weiter k\u00f6nntest Du mit Deinem Unternehmen sein, wenn Du die <strong>Zeit und Energie einfach sparen<\/strong> k\u00f6nntest?<\/p>\n<p>Wenn Du Deine kostbare Zeit lieber f\u00fcr andere Sachen nutzen willst, dann <strong>teste den neuen NameMaker und mich<\/strong> jetzt einfach.<\/p>\n<p>50 EUR f\u00fcr Deinen perfekten Namen oder Du bekommst Dein Geld zur\u00fcck.<\/p>\n","protected":false},"excerpt":{"rendered":"<p>50 Vorschl\u00e4ge nach Deinen Vorgaben f\u00fcr den perfekten Namen zu Deiner Gesch\u00e4ftsidee. Mit Geld-zur\u00fcck-Garantie.<\/p>\n","protected":false},"featured_media":224,"template":"","meta":[],"product_brand":[],"product_cat":[19],"product_tag":[],"class_list":{"0":"post-218","1":"product","2":"type-product","3":"status-publish","4":"has-post-thumbnail","6":"product_cat-gruender-unternehmer","8":"first","9":"instock","10":"sale","11":"virtual","12":"taxable","13":"purchasable","14":"product-type-simple"},"_links":{"self":[{"href":"https:\/\/www.knackdienuss.de\/shop\/wp-json\/wp\/v2\/product\/218","targetHints":{"allow":["GET"]}}],"collection":[{"href":"https:\/\/www.knackdienuss.de\/shop\/wp-json\/wp\/v2\/product"}],"about":[{"href":"https:\/\/www.knackdienuss.de\/shop\/wp-json\/wp\/v2\/types\/product"}],"wp:featuredmedia":[{"embeddable":true,"href":"https:\/\/www.knackdienuss.de\/shop\/wp-json\/wp\/v2\/media\/224"}],"wp:attachment":[{"href":"https:\/\/www.knackdienuss.de\/shop\/wp-json\/wp\/v2\/media?parent=218"}],"wp:term":[{"taxonomy":"product_brand","embeddable":true,"href":"https:\/\/www.knackdienuss.de\/shop\/wp-json\/wp\/v2\/product_brand?post=218"},{"taxonomy":"product_cat","embeddable":true,"href":"https:\/\/www.knackdienuss.de\/shop\/wp-json\/wp\/v2\/product_cat?post=218"},{"taxonomy":"product_tag","embeddable":true,"href":"https:\/\/www.knackdienuss.de\/shop\/wp-json\/wp\/v2\/product_tag?post=218"}],"curies":[{"name":"wp","href":"https:\/\/api.w.org\/{rel}","templated":true}]}}